- 189. Is x(10) a prime number?
False
Let v(q) = q**2 + 14*q - 69. Let t be v(-18). Let i(h) = 66*h**3 - 7*h. Is i(t) a composite number?
True
Suppose v - 2*c = -3*c + 17850, 3*v = 5*c + 53558. Is v prime?
True
Let b = 363422 + 385289. Is b composite?
False
Let q(x) = x**3 + x + 26669. Is q(0) a composite number?
False
Let i(c) = -7*c**2 - 8*c + 21. Let k(r) = 4*r**2 + 4*r - 11. Let s(t) = 3*i(t) + 5*k(t). Let b be s(6). Let v = 691 - b. Is v composite?
False
Let q(y) = 21*y**3 + 61*y**2 + 22*y + 293. Is q(44) a composite number?
True
Is (8 - 16) + 118385 + -16 prime?
True
Let q(x) = -x + 7. Let z be q(19). Let s(a) = a**2 + 11*a - 10. Let k be s(z). Is k - (2 + -317)/5 a composite number?
True
Let p(q) = 43*q**3 - 7*q**2 + 3*q - 3. Let m be p(-4). Is (1*m)/(9 - (17 + -7)) a prime number?
True
Suppose -5*f - 16 = -f, 0 = -q - 4*f - 1939. Let p(c) = 2*c**3 - 29*c**2 - 21*c + 96. Let n be p(15). Is (q/6)/((-3)/n) composite?
False
Is (-14 - (-216)/8) + 246190 composite?
False
Let t(k) = 12*k + 2408. Let b(y) = -11*y - 2407. Let p(n) = 3*b(n) + 4*t(n). Is p(0) prime?
True
Let c be ((-288)/(-120))/((-6)/20). Is 4/(-2) - (c + (-1946)/2) prime?
False
Let y be (988/(-95))/(2/(-5)). Suppose y*u - 4596 = 11368. Is u composite?
True
Suppose -2*y = f - 14, 2*y - f - f = 8. Let r be 2050 + 4/6 + y/18. Suppose -4*h - r = -0*o - 5*o, 3*o - 4*h = 1237. Is o a composite number?
True
Suppose -90*d + 15265007 = -37*d. Is d a prime number?
False
Let y(l) = 4*l - 6. Let t be y(3). Suppose 0 = t*r + 34 - 2218. Suppose -1799 + r = -5*q. Is q a composite number?
True
Let h = 58 - 44. Suppose 17*t - h*t = 48. Let y(x) = 31*x + 5. Is y(t) a composite number?
True
Suppose -6*i + 0*i = -7386. Suppose -3*k - 6147 = -5*m - k, m - 2*k = i. Is m a composite number?
False
Suppose -8*a + 3*a - 4*k = 247801, -5*a - 3*k - 247797 = 0. Let v = -32266 - a. Is v composite?
False
Let y = 492 + -343. Suppose -4*l + y = -3*l. Suppose -o - n + 5*n + l = 0, -3*n = 0. Is o prime?
True
Let r(c) = 21734*c**2 + 265*c + 1537. Is r(-6) prime?
True
Let v(b) = 125*b - 51. Let d be v(4). Suppose -3*p - 3*y + 305 = 38, 0 = -5*p - 4*y + d. Let c = 167 - p. Is c prime?
False
Let g(c) = 30*c**3 + 23*c**2 + 30*c - 10. Let m(y) = 15*y**3 + 11*y**2 + 14*y - 5. Let n(s) = 4*g(s) - 9*m(s). Is n(-9) a prime number?
True
Is ((-27915)/(-45))/((-5)/(-165)) a composite number?
True
Let w(v) = -16*v**3 - 5*v**2 + 9. Let y be w(3). Let z = y + 694. Is z a composite number?
True
Suppose 235*n - 766195 = -5*o + 232*n + 735670, 0 = -5*n. Is o a prime number?
False
Suppose x = f + 191985 - 50450, -x + 5*f + 141519 = 0. Is x a prime number?
True
Let s = 131299 - 43088. Is s a prime number?
True
Is (1999974 - 20)/11 - 3*-1 a composite number?
True
Let m = 46 + -40. Suppose 3*x - 2*t + 2 = 0, 0 = 3*t - m - 6. Suppose -4*p + 36 + 82 = x*w, -5*p = 3*w - 182. Is w composite?
True
Let n(c) = c + 1. Let l(y) = -72*y + 7. Let a(f) = l(f) + 6*n(f). Let j be a(2). Is 170196/68 - 14/j prime?
True
Suppose -19*q + 181803 = -16*q. Suppose -5*h + q - 10896 = 0. Is h prime?
True
Let u be ((-33)/(-9) - 1)*1752. Suppose -2*c = -4*r - 3146, -2*c = c + 5*r - 4719. Suppose u = 5*b - c. Is b prime?
True
Is (9 - -5960) + (-6)/1 prime?
False
Let s(x) = 498*x**2 + 339*x - 1390. Is s(4) composite?
True
Suppose -19*g + 253120 + 408213 = 0. Is g composite?
False
Is ((-2971749)/132)/((-2)/8) composite?
False
Suppose -q + 555777 = 108*g - 105*g, g = 8*q + 185309. Is g a composite number?
True
Let o(j) = -3*j**3 + 6*j**2 + 18*j + 3. Let p(y) = -y**3 - y**2 + 2*y + 1. Let q(i) = -o(i) + 4*p(i). Let d be (1*2)/((-1)/6). Is q(d) composite?
False
Suppose 185*r - 8915039 = 973766. Is r a composite number?
False
Let i = 11903 + -11901. Let o = 1758 - 927. Suppose -c + 4*v = -o, 0 = 4*c - 3*c + i*v - 831. Is c a composite number?
True
Let t = -174 - -5005. Is t prime?
True
Let a be 2 + -2 + 5 + -1 + -1. Is 28/(a + -4)*(-998)/8 a composite number?
True
Let r(f) = f**2 - 15*f. Let u be r(16). Let z be 3/u*4*(12 + 0). Suppose -194 = z*v - 3155. Is v prime?
False
Let o(a) = 25*a**2 + 141*a - 1673. Is o(99) a prime number?
True
Suppose -117*y = -114*y - 2961. Let d = y - 139. Suppose j = -j - 5*v + d, v = 3*j - 1255. Is j a prime number?
True
Let a(w) = -12*w**2 + 30*w - 2. Let p be a(2). Is 81916/p - 18/300*10 composite?
False
Suppose -23*u + 19*u = 16. Let a(i) = 110*i**2 - 10*i + 17. Is a(u) composite?
True
Suppose -4*z = -2*y - 16, y = 2*z + 3*z - 23. Suppose z*x = -539 - 396. Let f = x + 316. Is f a composite number?
True
Let x be (-2)/11 - 127956/(-22). Suppose x + 1244 = 4*m. Let r = -1112 + m. Is r a composite number?
False
Let v be ((-4)/((-40)/6))/((-4)/(-20)). Let t(z) = 1268*z**2 - 23*z + 79. Is t(v) a prime number?
False
Let k = -71 - -119. Let x(l) = k*l - 88*l + 256*l + 7 + 214*l. Is x(1) composite?
True
Let q be ((-2 + 51972)/1)/(38/19). Suppose 3*m - q = 2*f, -2*f - 8623 - 8699 = -2*m. Is m a prime number?
True
Suppose 2*r = 6*c - 5*c - 239419, -5*r + 957663 = 4*c. Is c prime?
True
Let b(j) = 9110*j + 3143. Is b(27) composite?
True
Let s(o) = -o**2 - 13*o - 4. Let h be s(-13). Let m(x) = x + 4. Let f be m(h). Is f/2 - 3 - -89 a prime number?
False
Let s = -3077 + 1840. Let f be (s + -1)/(-9 + 7). Let j = f - 278. Is j composite?
True
Suppose 0 = -6*g + 7*g + 5*i - 332, -g + 5*i + 292 = 0. Let l = -217 + g. Is l a composite number?
True
Let n(f) = -3631*f + 27. Let w be n(4). Is -6 - (2/12 + w/42) a composite number?
True
Suppose 13 - 25 = -6*o. Is (-5195)/(-3) + (32/12)/o a prime number?
True
Let l(o) = -15198*o - 613. Is l(-4) composite?
True
Suppose 3*r = v - 2*v + 12, -4*r = -3*v - 29. Suppose -6799 = -r*l + 1061. Suppose -l = -3*g - 0*o - 3*o, g + 2*o = 521. Is g prime?
False
Let j(l) = 22*l**2 - 13*l + 12. Suppose 11*w + w = 96. Let r be j(w). Let p = 1869 - r. Is p a composite number?
True
Let x(o) be the first derivative of o + 24 + 35/4*o**4 - o**3 + 0*o**2. Is x(3) a prime number?
True
Let m(u) = -u**3 + 12*u**2 - 17*u - 2. Let f be m(10). Let v be 3/(-6*(-2)/f). Let q(c) = 46*c**2 + 15*c + 4. Is q(v) a prime number?
False
Let b = -3 - -3. Suppose d + 5*d - 5916 = b. Let i = -507 + d. Is i a prime number?
True
Let v = -157 + 54. Let g = v + 106. Suppose -b - y + 441 = b, 4*y - 649 = -g*b. Is b composite?
False
Let k(t) = 59*t**2 - 93*t + 81. Is k(-19) composite?
True
Let b(t) = -8*t**3 - 2*t**2 + 2*t - 17. Let f(d) = -5*d + 35. Let y be f(9). Is b(y) prime?
False
Is 286/(-429)*(-2525079)/2 a composite number?
True
Suppose -3*m + o - 216 = 0, 0*m - 2*m - 144 = -5*o. Let l = m + 76. Suppose -183 = 4*c + 2*i - 951, -c - l*i = -199. Is c prime?
True
Let u(o) = o**2 - 19*o - 1. Suppose 2*g - 2*m = 16, -3*g = -0*m - 4*m - 29. Let y be (-2 - (-21)/9) + (-34)/g. Is u(y) a composite number?
True
Suppose -10*u - 5059 - 3521 = 0. Let z = 1525 - u. Is z a prime number?
True
Let o(n) = 5097*n + 1381. Is o(36) composite?
True
Suppose 5*u + 5 = -5*o, 4*u + 5 = -5*o + 2*u. Is (o + -5 + 5)*-251 a prime number?
True
Suppose 4*n - 3*n - 2 = 0. Suppose 0 = -4*g - 3*l + 2, -5*g = -n*g - 3*l - 12. Is ((-419)/(-2))/(1/g) a prime number?
True
Suppose 2*o + 27 - 21 = 0, 2*j - 252125 = -3*o. Is j prime?
True
Suppose 5*w = -4*i + 447723, 23*w - 28*w = -2*i + 223899. Is i a composite number?
True
Let w(j) = 12*j**2 + 5*j - 6. Let x(p) = 13*p**2 - 5 - 3 + 3 + 5*p. Let n(q) = 7*w(q) - 6*x(q). Is n(-5) a prime number?
True
Let b(n) = 8*n**2 - 24*n - 6. Let c be b(11). Let m = 991 - c. Is m a prime number?
True
Let l(r) = 2*r**3 - 3*r**2 + 2*r + 2. Let i be l(2). Suppose o - i = -3*f, -8 = 5*f - 5*o + 2. Is (-6539 + f)*1/(-3) a composite number?
False
Let p = 187 - -13. Let l = 1447 - p. Is l a composite number?
True
Let l = -498366 - -909056. Suppose -10*f = 4*f - l. Is f prime?
False
Let m be 14190/75 - 1/5. Let z(x) = 5 + 23 - 7 - m*x + 20. Is z(-10) a prime number?
True
Let y be (3/(-6))/((-3)/60). Suppose -y = 4*c - 3*c + 5*u, 5*u - 5 = -4*c. Suppose -405 = -c*q + 1690. Is q composite?
False
Let j = -43 + 47. Suppose -3*h - 7 + 4 = 5*p, -h + j*p - 18 = 0. Is (-4)/h*(-25251)/(-38) composite?
False
Let r(k) = 3*k + 4853. Let a = 106 + -106. Is r(a) prime?
False
Is (-3079562)/(-46) - (-7 + -19) a composite number?
False
Suppose -5*g = -4*c + 93, -5*c - g = -